 + 2. Suppose -1 = -3*h + 26. Suppose -6 = h*p - 6*p. List the prime factors of f(p).
2, 13
Let h = -28 - -33. Suppose 3*a - k + 44 = 5*a, -h*a - 3*k + 108 = 0. What are the prime factors of a?
2, 3
Suppose 4*y = 4*h - 4, 3*h - 1 = 2*y + 2*y. Let o be 6/(y + 6/(-2)). Let i(u) = -u**3 - 6*u**2 - u + 5. What are the prime factors of i(o)?
11
Suppose -7*f + 38 + 4 = 0. List the prime factors of 2/(f*(-3)/(-333)).
37
Suppose 65 = -2*q - 107. Let y = q + 222. Suppose -6*a = -2*a - y. List the prime factors of a.
2, 17
Let u = 712 + -649. What are the prime factors of u?
3, 7
Let g(t) = -t**2 - 6*t - 5. Let f be g(-5). Let l be (-3 + f)*(-51)/(-9). Let v = 43 + l. List the prime factors of v.
2, 13
Suppose 5*a - 7 = 8. Suppose -2*g - 22 = z, -2*z - 2*z = a*g + 23. What are the prime factors of 2/g - 966/(-26)?
37
Let v = 18 - 48. Let b be (-1)/(-4) + v/(-8). Suppose b*a - 51 - 13 = -4*u, 3*u = -2*a + 28. List the prime factors of a.
2, 5
Let b = -65 - -37. Let g = 110 - b. List the prime factors of g.
2, 3, 23
Suppose -22*g - 8549 + 21947 = 0. List the prime factors of g.
3, 7, 29
Let q be (-16 - -15)/(1/(-15)). Let a = -15 + q. Suppose a = -2*d + 34 + 4. What are the prime factors of d?
19
Suppose -2*m - 4*l - 196 = -6, -3*l = m + 96. Let a = 223 + m. List the prime factors of a.
2, 5, 13
Suppose 5*w + 2567 = f, 0 = 7*w - 5*w. What are the prime factors of f?
17, 151
Let f(p) = -p**3 - 8*p**2 + 8*p + 10. Let z be -1 + 2 - (-32 - 1). Suppose 2*g = 4*o + 3*g + 41, -o - 5*g = z. What are the prime factors of f(o)?
19
What are the prime factors of 1112 - (7 + -9) - (-2)/(-2)?
3, 7, 53
Let c(o) = -29*o**3 - 5*o**2 - 12*o + 3. What are the prime factors of c(-4)?
3, 7, 29
Let j = 109 - 188. Let x = 153 + j. List the prime factors of x.
2, 37
What are the prime factors of (-861)/(-28)*48/9?
2, 41
Let b = -40 + 135. Let o be (b/76)/(1/(-4)). What are the prime factors of (-275)/o + -2 - -4?
3, 19
Let v = 778 - -52. List the prime factors of v.
2, 5, 83
Let r(s) = -21*s - 21. Suppose 0 = p - 4*h + 7, -2*p - h - 7 = 7. What are the prime factors of r(p)?
2, 3, 7
Let c be -5 + 9 - (0 - 10). Let s(b) = b**2 - 24*b - 1. Let q be s(c). List the prime factors of q/(-11) - 28/(-154).
13
Suppose 3*f + 73 = 4*f. Let d = -18 + f. Suppose -u = -6*u + d. What are the prime factors of u?
11
Suppose -6*n + 2*n = 4*o - 1260, 4*n - 1245 = o. List the prime factors of n.
2, 3, 13
Let z(r) = -r**2 - 9*r - 6. Let b be z(-10). Let c be -22*(-2)/b*4. List the prime factors of c/((3/(-9))/1).
3, 11
Let x(f) = -f**3 + 4*f**2 + 7*f. Let z be 3 + (0 - -1) + 1. What are the prime factors of x(z)?
2, 5
Suppose 718 = 8*c - 42. Suppose 0 = -i + 3*y + 45, -7*i - 5*y = -3*i - c. Suppose -u = -3*u + i. What are the prime factors of u?
3, 5
Let h be (-69)/12 + (-3)/12. Let d(p) = p**2 + 6*p + 6. Let u be d(h). List the prime factors of (u + -3)/(3/54).
2, 3
Suppose -2*s + 786 - 302 = 0. Suppose -108 - s = -7*m. What are the prime factors of m?
2, 5
Let m(u) = 2616*u**2 + 61*u + 60. What are the prime factors of m(-1)?
5, 523
Suppose s - 2*s + 2*d = -17, 4*s + d = 23. Suppose s*x - 3*x = 80. What are the prime factors of x?
2, 5
Let g be 8*(25/4 + -4). Let z be (-1)/4 - 274/(-8). Let b = z - g. List the prime factors of b.
2
Suppose 3*x + 5*b = -45, 2*x + b = -2*b - 30. Let o = -24 + x. Let k = 56 + o. What are the prime factors of k?
17
Let u = -1042 - -1507. List the prime factors of u.
3, 5, 31
Let o be (0 - 168)*28/(-42). Let n(d) = -12*d - 7. Let r be n(6). Let p = o + r. What are the prime factors of p?
3, 11
Let s = 8 - -75. Suppose 24 = y - 23. Suppose -4*p = 3*r - s, -3*p - 1 = -3*r + y. What are the prime factors of r?
3, 7
Let x be 1/((-2)/(-12)) + -2. Let h(v) = v**3 - 5*v**2 + 2*v - 1. Let w be h(x). Let c(y) = -y**2 - 10*y + 1. What are the prime factors of c(w)?
2, 5
List the prime factors of -1514*((-3)/21)/(18/63).
757
Suppose 0 = 7*j - 10*j + 4*f + 1388, 0 = 2*j - 3*f - 925. What are the prime factors of j?
2, 29
Let b be 13140/33 - (-6)/(-33). Suppose -9*t + 7*t + b = 0. What are the prime factors of t?
199
Let f = -200 + 412. Suppose -2*c - 5*y = -6*c + 214, 4*y = 4*c - f. List the prime factors of c.
3, 17
Let u be (-2)/(-2 + 0/(-3)). Let w(z) = -z. Let y(i) = 2*i - 2. Let v(c) = u*y(c) - 8*w(c). List the prime factors of v(2).
2, 3
Let s = -519 - -1220. What are the prime factors of s?
701
Let m = 0 + -19. Let u(s) = -5*s - 13. List the prime factors of u(m).
2, 41
Suppose 4*d - 3*n - 3380 = 0, 5*d - 4*n - 4224 = -0*n. What are the prime factors of d?
2, 53
Let c(a) = 5*a + 286. List the prime factors of c(0).
2, 11, 13
Let h(v) be the first derivative of 19*v**2 + 32*v - 20. List the prime factors of h(5).
2, 3, 37
Suppose 2*w = -17*w + 3648. List the prime factors of w.
2, 3
Let n(a) = -259*a - 6. What are the prime factors of n(-3)?
3, 257
Suppose 0 = 5*m, -3*m + 396 = a - 2*m. What are the prime factors of a?
2, 3, 11
Suppose -22*w - 4*t = -25*w + 1889, 4 = 4*t. What are the prime factors of w?
631
Suppose -15*j = -6*j - 10818. What are the prime factors of j?
2, 601
Let d(l) = 2*l**2 - 9*l + 1. Let p be d(6). Suppose y - 11 - p = 0. List the prime factors of ((-12)/(-8))/(1/y).
3, 5
Let j = -45 - 107. What are the prime factors of (-2)/15 - j/15?
2, 5
Let h = 9 + 27. Let i be 254/(-7) - h/(-126). Let z = 59 + i. List the prime factors of z.
23
Let c(k) = -k**2 + k + 2. Let p be c(0). Suppose -4*a = -4, -17 + 62 = p*h + 3*a. List the prime factors of h.
3, 7
Suppose -2*q - 948 = 5*j, -4*q = -9*q + 5. What are the prime factors of (3 - 6 - j)/(2 + -1)?
11, 17
Let q be (0 - 0)*11/(-22). Suppose l = -l + 5*x - 17, q = -2*l + 4*x - 12. What are the prime factors of (-3)/l - 76/(-16)?
2
Let c(g) = -2*g + 33. Let o = -4 + 20. Let m be c(o). Let w = m + 23. What are the prime factors of w?
2, 3
List the prime factors of ((-418)/(-76))/(2 - 3609/1806).
7, 11, 43
Suppose f + 7 = -2*q, -q = -f - f + 11. Suppose -4*r + f*j = -163, -2*r + 5*j = -35 - 50. List the prime factors of r.
2, 5
Let g(c) = 255*c**2 - 7. List the prime factors of g(2).
1013
Suppose -8*w + 730 = -598. List the prime factors of w.
2, 83
Let r = 51 - 43. Suppose 4*w = r*w - 276. List the prime factors of w.
3, 23
Suppose 0 = 4*k - 20, 4*k = 2*d - 357 - 221. What are the prime factors of d?
13, 23
Suppose 0 = v - 5*o - 266, -v - 3*o + 70 + 164 = 0. What are the prime factors of v?
2, 3, 41
Let w(h) be the second derivative of -h**3/2 + 3*h**2 + 21*h. What are the prime factors of w(-21)?
3, 23
Let f(k) = -3*k**3 - 6 - k**2 + 7*k**2 - 7*k - 9*k + 4*k**3. Let q be f(-8). Let w(y) = 2*y**2 + 3*y - 2. What are the prime factors of w(q)?
2, 13
Suppose -1 - 4 = -u. Suppose u*v - v = 48. Let s = v - 8. List the prime factors of s.
2
Let w = -15 - -15. Suppose -5*t + y - 3*y + 451 = 0, w = 2*t - y - 184. What are the prime factors of t?
7, 13
Let p = -135 - -141. List the prime factors of p.
2, 3
Let c = 1082 - 641. What are the prime factors of c?
3, 7
List the prime factors of (-162136)/(-182) + 8/7.
2, 223
Let h(d) = -9*d**2 - 7*d + 19. Let i(k) = 14*k**2 + 10*k - 28. Let a(o) = 7*h(o) + 5*i(o). List the prime factors of a(-3).
53
Suppose 20 = 13*x - 9*x. Suppose -x*n - 4*d = -134, -4*n - 5*d + 83 = -n. What are the prime factors of n?
2, 13
Let r(i) = i + 25. Let t be r(11). Suppose 3*a - 1129 + 400 = 0. What are the prime factors of a/t + 2/8?
7
What are the prime factors of -6 + 6 + 933*(-78)/(-18)?
13, 311
Let i be 4/3 + -1 - 8/(-12). What are the prime factors of 14/(-28)*(-146)/i?
73
Let c(s) = 2*s - 5. Let g be 84/(-7)*2/(-6). Let a be c(g). List the prime factors of a/(3/(-2)) + 19.
17
Suppose -17*q - q + 2340 = 0. What are the prime factors of q?
2, 5, 13
Suppose 2*q - 36 = -4*n, 0 = 4*n + q - 14 - 24. Suppose -n*i + 9*i + 97 = 0. What are the prime factors of i?
97
Let j(q) = 4 - 5 - 7*q**2 + 9*q - 14 + 10*q**2. What are the prime factors of j(7)?
3, 5, 13
Suppose 2*z - 1264 = -5*v + v, 5*v + z - 1574 = 0. What are the prime factors of v?
2, 157
Let n be 2/6 + (-2358)/(-54). Suppose w = 2*c - 42, c + c - 2*w = n. What are the prime factors of c?
2, 5
Suppose 12*s - 1783 = 1109. What are the prime factors of s?
241
Let o be (-55)/(-15) + 0 + (-2)/3. Suppose 0 = -o*t - i + 570, -6*t + t - 4*i = -95